 + 2*h**2 + h. Let k be y(p). Suppose -2*c = -0*c - k. Is c a composite number?
True
Suppose -3*n - 5*d - 65111 = n, 2*n + 4*d = -32548. Is (18/(-9) - n)*1/2 a prime number?
False
Is (((-819674940)/40)/(-147))/(-2*2/(-56)) a prime number?
False
Is (-310265)/(-17) - (4/68)/((-12)/24) a composite number?
False
Let q(i) = 349*i**2 + 6*i + 6. Let y be q(6). Suppose -5*s + y = 2*l - 13881, 26490 = 5*s + 5*l. Is s composite?
False
Is 9*(-16)/(-72)*(-4558977)/(-54) prime?
True
Let w = -977 - -3822. Suppose -4*x + 439 = -w. Is x a prime number?
True
Let g(i) = -i + 4. Let y be g(2). Let h(t) = 192*t**2 - t - 4. Let x be h(y). Suppose 4*m - m - x = 0. Is m a composite number?
True
Let j(g) = -414*g - 89. Suppose -4*m + 3*m = 3*i + 45, -4*i - 76 = -4*m. Is j(i) a composite number?
True
Let r(t) = t**2 + 3*t - 11. Let u be r(-6). Suppose 11*f = u*f + 16768. Suppose -2*m = -4*j - 1674, 5*m - 2*j = j + f. Is m prime?
True
Is (-337 + 332)*20089*(3 - 4) composite?
True
Suppose -11*n = -10*n + 20. Let r be 30/n*64/6. Is 12 + r + 716 + 1 a composite number?
True
Suppose -2 = 2*k - 6. Let a be 20/(3 + k) - (-1313)/1. Suppose 10*j = 7*j + a. Is j composite?
False
Let d(z) be the second derivative of z**6/120 + 7*z**5/60 - z**4/12 - z**3/6 - 7*z**2/2 + 4*z. Let v(o) be the first derivative of d(o). Is v(9) composite?
False
Let t(g) = 16*g**2 - 29*g - 53. Let m = -383 - -364. Is t(m) a composite number?
True
Let n(k) = -3140*k - 7. Let g(h) = h**2 - 8*h - 16. Let z be g(10). Suppose -5*a - 9 = z*a. Is n(a) composite?
True
Suppose 0 = -8*n - 25375 + 121911. Is n composite?
True
Suppose -29*h - 2 = -30*h. Let j(b) = 7*b**h - 7*b + 2*b + 9*b - 17 + b. Is j(-6) composite?
True
Suppose -q = -4*p - 65882, 2*p + p + 49403 = 5*q. Let h = -4274 - p. Is h a composite number?
False
Let v = 19545 - -79118. Is v composite?
False
Let g(h) be the first derivative of h**3/3 + h**2 + 28*h + 1. Let k = -18690 + 18681. Is g(k) prime?
False
Let z = 869941 + -302762. Is z composite?
False
Let k(s) = 3*s**2 - 9*s + 3. Let c be k(4). Suppose -5*b = -c, 3*p + 2*b - 18708 = 16851. Is p a prime number?
False
Let c be ((-4340)/16 - 5)/(3/(-12)). Suppose 1102*d = c*d - 20997. Is d a composite number?
True
Suppose 6 = 5*f + 26. Let j(r) = -4*r - 16. Let w be j(f). Suppose -v + g + 305 - 48 = w, 3*g = 5*v - 1285. Is v prime?
True
Suppose 8510*o - 442868 = 8506*o. Is o prime?
False
Suppose 5*c = 5*y - 425, -3*y - 3*c + 312 = y. Let h be -724*(10/20 + -1). Let r = h + y. Is r a composite number?
False
Let a = 6 + -19. Let s(r) = 7*r + 3 + 3*r - 4*r - 26*r. Is s(a) a composite number?
False
Suppose -4*i + 2*w = -22182, -6*i = -7*i - 4*w + 5523. Let s = i + -2725. Is s prime?
False
Suppose 0 = -5*b + 21*i + 874621, 349878 = 2*b + 12*i - 13*i. Is b a composite number?
True
Suppose -8*j - 8*g = -7*j - 642333, -3*j + 4*g + 1926803 = 0. Is j prime?
False
Suppose -16*q + 3*u = -21*q + 7670074, 0 = 5*u + 35. Is q composite?
False
Let w(i) = 95*i**2 - 6*i + 35. Suppose 15*o = 13*o + 8. Is w(o) composite?
False
Is (-418307)/(-4) - -2 - 135/(-540) a composite number?
False
Let u = 6 + 345. Let w(z) = -323*z + 845*z - 13 + u*z. Is w(2) a composite number?
False
Suppose 0 = -8*s + 197333 + 90819. Is s a prime number?
False
Let b(u) = -19509*u - 114. Let c be b(-5). Suppose -32*t = -391799 + c. Is t a prime number?
True
Let u(r) = 5539*r**2 + 10*r - 127. Is u(6) composite?
False
Let a = -49620 - -186247. Is a a composite number?
True
Let q(p) = -21*p**3 + 24*p**2 + 13*p + 3. Is q(-5) a composite number?
False
Let k = -52671 + 105818. Is k prime?
True
Suppose -16*c + 302660 + 732881 = 157637. Is c a prime number?
True
Suppose 4*v - 5454 = 5*h + 1105, 3 = 3*v. Let u = 11630 + h. Is u a composite number?
True
Let m = -12911 - -27533. Suppose 19*o = 17*o + 10. Suppose 0 = -o*c - c + m. Is c a composite number?
False
Let z = 1361468 + -799477. Is z prime?
False
Let z be 4094/(-3) - (-22)/33. Is (197/4)/((-31)/z) composite?
True
Let m = 16281 - 2459. Is m a prime number?
False
Suppose 6*k - 1 = g + k, 0 = g - k - 7. Suppose 0 = g*d + 2804 - 24872. Suppose 0 = 2*u + 694 - d. Is u composite?
True
Suppose -l = -0*l - 3*d + 11, 0 = -3*l + d + 7. Suppose 0 = 3*u - 9, 2*z + u - l*u = 993. Suppose 5*f - z = 2*f. Is f composite?
False
Let l be (-4)/80*5 + 14/(-8). Is ((-16526)/(-2))/(-2 + (-6)/l) prime?
True
Suppose -20*n = -269739 - 650681. Is n prime?
True
Let m = 1060 - 543. Suppose 0 = -6*q + 1303 - m. Is q a prime number?
True
Suppose 9*b - 3135 = 12*b. Let l = b - -1602. Is l prime?
True
Let g = 102042 + -62659. Is g prime?
True
Let h(t) = 2*t + 583. Let d = 21 + -47. Let p = d + 26. Is h(p) a composite number?
True
Suppose 2*t + 2*r = 2, 4*t - 2*r = 8*t - 2. Suppose t = -4*s + 80 - 64. Suppose -2*v - 369 = -u, u - s*u = 3*v - 1152. Is u composite?
False
Suppose 3*g - 21050 = -f + 5*f, -5*g = -2*f - 35060. Suppose 36*k = 46*k - g. Is k prime?
True
Suppose -110*k + 101*k + 1009301125 = 166*k. Is k a composite number?
True
Suppose -2*a + 289*h = 291*h - 844676, -2*h + 1267015 = 3*a. Is a a prime number?
True
Let v(z) = z**3 + 8*z - 10. Let t = -11 - -14. Suppose 0 = t*i - 6*i + 12. Is v(i) composite?
True
Let g(b) = 68*b + 34. Let t(d) = 67*d + 34. Let s(y) = -2*g(y) + 3*t(y). Is s(11) composite?
True
Suppose -5*t = -9 - 1. Suppose -4*u + t + 6 = 0. Suppose -u*v = -4*k - 12, 3*v + k = -2*k + 54. Is v prime?
False
Let p(q) = 3*q**2 - 3*q + 1. Let n be p(2). Let t(f) = 52*f - 4538. Let a be t(87). Is 4*n/a - (-2 - 517) a composite number?
True
Let r(d) = 1196*d**2 + 159*d + 6. Is r(-7) prime?
False
Let k(m) = 542*m**2 - 40*m - 739. Is k(-18) prime?
False
Suppose -100*s = -18*s - 2060480 - 50844690. Is s composite?
True
Let v(q) = q**2 + 12*q + 10. Let o be v(-11). Is (-13)/((-91)/17192) + o a composite number?
True
Let j(a) = 951*a + 29. Is j(2) prime?
True
Let g(t) = 3*t**2 + 26*t + 18. Let c be g(-8). Is (614/6)/(c/30) a prime number?
False
Let h = 333715 - -205174. Is h prime?
False
Let s(y) = 4433*y + 10 - 7827*y + 433*y - 7776*y + 10. Is s(-1) a prime number?
False
Suppose -4*f - 72 = 4*w, -33 - 25 = 3*w + 2*f. Let j be (0/w)/(1 + 1). Suppose 6*h - 5*l = 9*h - 7314, j = 5*h - 3*l - 12224. Is h a prime number?
False
Suppose -11*i - 21 - 67 = 0. Let n(a) = 23*a**2 - 12*a - 1. Is n(i) composite?
False
Suppose 7*j = 12*j - 10. Let l(c) = 5 + 154*c + j + 10. Is l(8) a prime number?
True
Let w(j) = -7*j**3 + 16*j**2 - j - 58. Is w(-15) prime?
False
Let g(h) be the second derivative of -37*h**3/3 - 47*h**2/2 + 70*h + 1. Is g(-49) composite?
True
Is ((-1363)/(-58) + -24)*(0 + -1816390) a composite number?
True
Suppose 0*i = -4*i + 12. Suppose 5*j = 2*g - 91, -2*j + j - 104 = -i*g. Suppose 2882 = -g*u + 35*u. Is u composite?
True
Suppose -4*i = 19*i - 69. Is (-2339)/(-5) + -1 - i/(-15) a prime number?
True
Let y be 70/28*6/5. Suppose y*m - 2989 - 6791 = 0. Is (8/(-20))/((-8)/m) a prime number?
True
Let h(x) = 15*x**2 - 5*x + 2. Let y = 119 + -116. Let i be h(y). Let o = i - -19. Is o a composite number?
True
Suppose -8*g = -10*g + t + 16, g - t - 6 = 0. Suppose -8772 = -g*h + 3398. Is h a composite number?
False
Let r be 18/10 + 3/15. Suppose y = 4*x + r*y - 8115, -y - 1 = 0. Is x a composite number?
False
Suppose -2*p - 6*p = -24. Suppose -4*v - 427 = -5*c + 618, -3*v = -p*c + 627. Is c a composite number?
True
Let r be (73 - -6)/(0 - 1). Let z = r - -83. Suppose b + 15 = z*b, t = 3*b + 59. Is t a composite number?
True
Let y(b) = -447295*b + 793. Is y(-4) a composite number?
False
Let j = 90521 - 29022. Is j a composite number?
True
Suppose 19*z + 11*z = -70110. Let r = 5488 + z. Is r prime?
False
Let m(n) = 6*n**3 - 2*n**2 - 22*n - 14. Let c be m(10). Suppose -3*o + 8453 = -c. Is o prime?
True
Let h(f) = -f**3 - 27*f**2 + 3*f + 23. Let p be h(-26). Let z = 5602 + p. Is z prime?
True
Suppose 5*v = 4*v + 75. Suppose 290 = 5*k - v. Suppose -1 - 4 = -i, -4*i + k = w. Is w a prime number?
True
Suppose 0 = -40*k + 39*k. Is k + 932/6 - (-50)/30 a composite number?
False
Suppose 4*i = -3*x + 7, -4*x = 5*i - 6*i + 16. Let u be -4*42/(-24) + x/1. Suppose 4*p = 5*k - 782 + 3509, -u*k + 2736 = 4*p. Is p prime?
True
Let p = 119016 - 48977. Is p a composite number?
False
Suppose -24 = 3*t - 33, -t = 2*x - 2399. Is x composite?
Tru